46.255.164.212 - - [02/Sep/2026:16:57:31 +0300] "GET /info.php HTTP/1.1" 500 0 "-" "Mozilla/5.0 (Windows NT 10.0; Win64; x64) AppleWebKit/537.36 (KHTML, like Gecko) Chrome/126.0.0.0 Safari/537.36"
46.255.164.212 - - [02/Sep/2026:16:57:32 +0300] "GET /test.php HTTP/1.1" 500 0 "-" "Mozilla/5.0 (Windows NT 10.0; Win64; x64) AppleWebKit/537.36 (KHTML, like Gecko) Chrome/126.0.0.0 Safari/537.36"
46.255.164.212 - - [02/Sep/2026:16:57:34 +0300] "GET /backup.sql HTTP/1.1" 500 0 "-" "Mozilla/5.0 (Windows NT 10.0; Win64; x64) AppleWebKit/537.36 (KHTML, like Gecko) Chrome/126.0.0.0 Safari/537.36"
46.255.164.212 - - [02/Sep/2026:16:57:34 +0300] "GET /backup.sql.gz HTTP/1.1" 500 0 "-" "Mozilla/5.0 (Windows NT 10.0; Win64; x64) AppleWebKit/537.36 (KHTML, like Gecko) Chrome/126.0.0.0 Safari/537.36"
46.255.164.212 - - [02/Sep/2026:16:57:36 +0300] "GET /backup.zip HTTP/1.1" 500 0 "-" "Mozilla/5.0 (Windows NT 10.0; Win64; x64) AppleWebKit/537.36 (KHTML, like Gecko) Chrome/126.0.0.0 Safari/537.36"
46.255.164.212 - - [02/Sep/2026:16:57:38 +0300] "GET /backup.tar.gz HTTP/1.1" 500 0 "-" "Mozilla/5.0 (Windows NT 10.0; Win64; x64) AppleWebKit/537.36 (KHTML, like Gecko) Chrome/126.0.0.0 Safari/537.36"
46.255.164.212 - - [02/Sep/2026:16:57:40 +0300] "GET /dump.sql HTTP/1.1" 500 0 "-" "Mozilla/5.0 (Windows NT 10.0; Win64; x64) AppleWebKit/537.36 (KHTML, like Gecko) Chrome/126.0.0.0 Safari/537.36"
46.255.164.212 - - [02/Sep/2026:16:57:44 +0300] "GET /db.sql HTTP/1.1" 500 0 "-" "Mozilla/5.0 (Windows NT 10.0; Win64; x64) AppleWebKit/537.36 (KHTML, like Gecko) Chrome/126.0.0.0 Safari/537.36"
46.255.164.212 - - [02/Sep/2026:16:57:45 +0300] "GET /database.sql HTTP/1.1" 500 0 "-" "Mozilla/5.0 (Windows NT 10.0; Win64; x64) AppleWebKit/537.36 (KHTML, like Gecko) Chrome/126.0.0.0 Safari/537.36"
46.255.164.212 - - [02/Sep/2026:16:57:46 +0300] "GET /wp-content/uploads/ HTTP/1.1" 200 1904 "-" "Mozilla/5.0 (Windows NT 10.0; Win64; x64) AppleWebKit/537.36 (KHTML, like Gecko) Chrome/126.0.0.0 Safari/537.36"
46.255.164.212 - - [02/Sep/2026:16:57:51 +0300] "GET /wp-content/backups/ HTTP/1.1" 500 0 "-" "Mozilla/5.0 (Windows NT 10.0; Win64; x64) AppleWebKit/537.36 (KHTML, like Gecko) Chrome/126.0.0.0 Safari/537.36"
46.255.164.212 - - [02/Sep/2026:16:57:53 +0300] "GET /wp-content/backup/ HTTP/1.1" 500 0 "-" "Mozilla/5.0 (Windows NT 10.0; Win64; x64) AppleWebKit/537.36 (KHTML, like Gecko) Chrome/126.0.0.0 Safari/537.36"
46.255.164.212 - - [02/Sep/2026:16:57:55 +0300] "GET /wp-content/backup-db/ HTTP/1.1" 500 0 "-" "Mozilla/5.0 (Windows NT 10.0; Win64; x64) AppleWebKit/537.36 (KHTML, like Gecko) Chrome/126.0.0.0 Safari/537.36"
46.255.164.212 - - [02/Sep/2026:16:57:59 +0300] "GET /wp-content/updraft/ HTTP/1.1" 500 0 "-" "Mozilla/5.0 (Windows NT 10.0; Win64; x64) AppleWebKit/537.36 (KHTML, like Gecko) Chrome/126.0.0.0 Safari/537.36"
46.255.164.212 - - [02/Sep/2026:16:58:02 +0300] "GET /wp-content/ai1wm-backups/ HTTP/1.1" 500 0 "-" "Mozilla/5.0 (Windows NT 10.0; Win64; x64) AppleWebKit/537.36 (KHTML, like Gecko) Chrome/126.0.0.0 Safari/537.36"
46.255.164.212 - - [02/Sep/2026:16:58:03 +0300] "GET /wp-content/uploads/wp-file-manager/ HTTP/1.1" 500 0 "-" "Mozilla/5.0 (Windows NT 10.0; Win64; x64) AppleWebKit/537.36 (KHTML, like Gecko) Chrome/126.0.0.0 Safari/537.36"
46.255.164.212 - - [02/Sep/2026:16:58:06 +0300] "GET /wp-content/plugins/wp-file-manager/ HTTP/1.1" 500 0 "-" "Mozilla/5.0 (Windows NT 10.0; Win64; x64) AppleWebKit/537.36 (KHTML, like Gecko) Chrome/126.0.0.0 Safari/537.36"
46.255.164.212 - - [02/Sep/2026:16:58:07 +0300] "GET /wp-content/plugins/backup/ HTTP/1.1" 500 0 "-" "Mozilla/5.0 (Windows NT 10.0; Win64; x64) AppleWebKit/537.36 (KHTML, like Gecko) Chrome/126.0.0.0 Safari/537.36"
46.255.164.212 - - [02/Sep/2026:16:58:12 +0300] "GET /wp-content/plugins/backwpup/ HTTP/1.1" 500 0 "-" "Mozilla/5.0 (Windows NT 10.0; Win64; x64) AppleWebKit/537.36 (KHTML, like Gecko) Chrome/126.0.0.0 Safari/537.36"
46.255.164.212 - - [02/Sep/2026:16:58:13 +0300] "GET /wp-content/plugins/updraftplus/ HTTP/1.1" 500 0 "-" "Mozilla/5.0 (Windows NT 10.0; Win64; x64) AppleWebKit/537.36 (KHTML, like Gecko) Chrome/126.0.0.0 Safari/537.36"
46.255.164.212 - - [02/Sep/2026:16:58:19 +0300] "GET /wp-content/plugins/all-in-one-wp-migration/ HTTP/1.1" 500 0 "-" "Mozilla/5.0 (Windows NT 10.0; Win64; x64) AppleWebKit/537.36 (KHTML, like Gecko) Chrome/126.0.0.0 Safari/537.36"
46.255.164.212 - - [02/Sep/2026:16:58:26 +0300] "GET /wp-content/plugins/duplicator/ HTTP/1.1" 500 0 "-" "Mozilla/5.0 (Windows NT 10.0; Win64; x64) AppleWebKit/537.36 (KHTML, like Gecko) Chrome/126.0.0.0 Safari/537.36"
46.255.164.212 - - [02/Sep/2026:16:58:32 +0300] "GET /wp-content/plugins/wpvivid/ HTTP/1.1" 500 0 "-" "Mozilla/5.0 (Windows NT 10.0; Win64; x64) AppleWebKit/537.36 (KHTML, like Gecko) Chrome/126.0.0.0 Safari/537.36"
46.255.164.212 - - [02/Sep/2026:16:58:36 +0300] "GET /wp-content/plugins/media-cloud/ HTTP/1.1" 500 0 "-" "Mozilla/5.0 (Windows NT 10.0; Win64; x64) AppleWebKit/537.36 (KHTML, like Gecko) Chrome/126.0.0.0 Safari/537.36"
46.255.164.212 - - [02/Sep/2026:16:58:38 +0300] "GET /wp-content/plugins/s3-uploads/ HTTP/1.1" 500 0 "-" "Mozilla/5.0 (Windows NT 10.0; Win64; x64) AppleWebKit/537.36 (KHTML, like Gecko) Chrome/126.0.0.0 Safari/537.36"
46.255.164.212 - - [02/Sep/2026:16:58:44 +0300] "GET /wp-content/plugins/amazon-s3-and-cloudfront/ HTTP/1.1" 500 0 "-" "Mozilla/5.0 (Windows NT 10.0; Win64; x64) AppleWebKit/537.36 (KHTML, like Gecko) Chrome/126.0.0.0 Safari/537.36"
46.255.164.212 - - [02/Sep/2026:16:58:49 +0300] "GET /wp-content/plugins/amazon-web-services/ HTTP/1.1" 500 0 "-" "Mozilla/5.0 (Windows NT 10.0; Win64; x64) AppleWebKit/537.36 (KHTML, like Gecko) Chrome/126.0.0.0 Safari/537.36"
46.255.164.212 - - [02/Sep/2026:16:58:51 +0300] "GET /wp-content/plugins/wp-mail-smtp/ HTTP/1.1" 500 0 "-" "Mozilla/5.0 (Windows NT 10.0; Win64; x64) AppleWebKit/537.36 (KHTML, like Gecko) Chrome/126.0.0.0 Safari/537.36"
46.255.164.212 - - [02/Sep/2026:16:58:52 +0300] "GET /wp-content/plugins/easy-wp-smtp/ HTTP/1.1" 500 0 "-" "Mozilla/5.0 (Windows NT 10.0; Win64; x64) AppleWebKit/537.36 (KHTML, like Gecko) Chrome/126.0.0.0 Safari/537.36"
46.255.164.212 - - [02/Sep/2026:16:59:00 +0300] "GET /wp-content/plugins/fluent-smtp/ HTTP/1.1" 500 0 "-" "Mozilla/5.0 (Windows NT 10.0; Win64; x64) AppleWebKit/537.36 (KHTML, like Gecko) Chrome/126.0.0.0 Safari/537.36"
46.255.164.212 - - [02/Sep/2026:16:59:07 +0300] "GET /wp-content/plugins/post-smtp/ HTTP/1.1" 500 0 "-" "Mozilla/5.0 (Windows NT 10.0; Win64; x64) AppleWebKit/537.36 (KHTML, like Gecko) Chrome/126.0.0.0 Safari/537.36"
66.249.77.38 - - [02/Sep/2026:16:59:08 +0300] "GET /wp-content/plugins/portfolio-wp/css/lightgallery/lightgallery.css?ver=6.2.11 HTTP/1.1" 200 148312 "https://new.lyceum.com.ua/?fbclid=IwdGRjcATxXzRwZG9mBWZkaWQWUMuITnkuyGmhDburbyZNKDmP1BOfgmV4dG4DYWVtAjExAHNydGMGYXBwX2lkCjY2Mjg1NjgzNzkAAR5wWhpP9R6pwPcr4PJvWtExrZjVFjlQ6YfuyY0CvVs5gvEHdKznI3QvnOeFlg_aem_jsAR0ZA1pTZ4vKJDts8-mA" "Mozilla/5.0 (Linux; Android 6.0.1; Nexus 5X Build/MMB29P) AppleWebKit/537.36 (KHTML, like Gecko) Chrome/151.0.7922.173 Mobile Safari/537.36 (compatible; Googlebot/2.1; +http://www.google.com/bot.html)"
66.249.77.38 - - [02/Sep/2026:16:59:08 +0300] "GET /wp-content/plugins/portfolio-wp/css/crp-tiled-layer.css?ver=6.2.11 HTTP/1.1" 200 151045 "https://new.lyceum.com.ua/?fbclid=IwdGRjcATxXzRwZG9mBWZkaWQWUMuITnkuyGmhDburbyZNKDmP1BOfgmV4dG4DYWVtAjExAHNydGMGYXBwX2lkCjY2Mjg1NjgzNzkAAR5wWhpP9R6pwPcr4PJvWtExrZjVFjlQ6YfuyY0CvVs5gvEHdKznI3QvnOeFlg_aem_jsAR0ZA1pTZ4vKJDts8-mA" "Mozilla/5.0 (Linux; Android 6.0.1; Nexus 5X Build/MMB29P) AppleWebKit/537.36 (KHTML, like Gecko) Chrome/151.0.7922.173 Mobile Safari/537.36 (compatible; Googlebot/2.1; +http://www.google.com/bot.html)"
66.249.77.40 - - [02/Sep/2026:16:59:09 +0300] "GET /wp-includes/css/dist/block-library/style.min.css?ver=6.2.11 HTTP/1.1" 200 159647 "https://new.lyceum.com.ua/?fbclid=IwdGRjcATxXzRwZG9mBWZkaWQWUMuITnkuyGmhDburbyZNKDmP1BOfgmV4dG4DYWVtAjExAHNydGMGYXBwX2lkCjY2Mjg1NjgzNzkAAR5wWhpP9R6pwPcr4PJvWtExrZjVFjlQ6YfuyY0CvVs5gvEHdKznI3QvnOeFlg_aem_jsAR0ZA1pTZ4vKJDts8-mA" "Mozilla/5.0 (Linux; Android 6.0.1; Nexus 5X Build/MMB29P) AppleWebKit/537.36 (KHTML, like Gecko) Chrome/151.0.7922.173 Mobile Safari/537.36 (compatible; Googlebot/2.1; +http://www.google.com/bot.html)"
66.249.77.38 - - [02/Sep/2026:16:59:09 +0300] "GET /wp-content/plugins/social-icons-widget-by-wpzoom/block/dist/style-wpzoom-social-icons.css?ver=4.2.11 HTTP/1.1" 200 143688 "https://new.lyceum.com.ua/?fbclid=IwdGRjcATxXzRwZG9mBWZkaWQWUMuITnkuyGmhDburbyZNKDmP1BOfgmV4dG4DYWVtAjExAHNydGMGYXBwX2lkCjY2Mjg1NjgzNzkAAR5wWhpP9R6pwPcr4PJvWtExrZjVFjlQ6YfuyY0CvVs5gvEHdKznI3QvnOeFlg_aem_jsAR0ZA1pTZ4vKJDts8-mA" "Mozilla/5.0 (Linux; Android 6.0.1; Nexus 5X Build/MMB29P) AppleWebKit/537.36 (KHTML, like Gecko) Chrome/151.0.7922.173 Mobile Safari/537.36 (compatible; Googlebot/2.1; +http://www.google.com/bot.html)"
46.255.164.212 - - [02/Sep/2026:16:59:09 +0300] "GET /wp-content/plugins/postman-smtp/ HTTP/1.1" 500 0 "-" "Mozilla/5.0 (Windows NT 10.0; Win64; x64) AppleWebKit/537.36 (KHTML, like Gecko) Chrome/126.0.0.0 Safari/537.36"
46.255.164.212 - - [02/Sep/2026:16:59:10 +0300] "GET /wp-content/plugins/wp-smtp/ HTTP/1.1" 500 0 "-" "Mozilla/5.0 (Windows NT 10.0; Win64; x64) AppleWebKit/537.36 (KHTML, like Gecko) Chrome/126.0.0.0 Safari/537.36"
66.249.77.40 - - [02/Sep/2026:16:59:10 +0300] "GET /wp-content/fonts/257ff9a17658f6414abc0e2a42f49a8a.css?ver=20201110 HTTP/1.1" 200 157278 "https://new.lyceum.com.ua/?fbclid=IwdGRjcATxXzRwZG9mBWZkaWQWUMuITnkuyGmhDburbyZNKDmP1BOfgmV4dG4DYWVtAjExAHNydGMGYXBwX2lkCjY2Mjg1NjgzNzkAAR5wWhpP9R6pwPcr4PJvWtExrZjVFjlQ6YfuyY0CvVs5gvEHdKznI3QvnOeFlg_aem_jsAR0ZA1pTZ4vKJDts8-mA" "Mozilla/5.0 (Linux; Android 6.0.1; Nexus 5X Build/MMB29P) AppleWebKit/537.36 (KHTML, like Gecko) Chrome/151.0.7922.173 Mobile Safari/537.36 (compatible; Googlebot/2.1; +http://www.google.com/bot.html)"
66.249.77.40 - - [02/Sep/2026:16:59:10 +0300] "GET /wp-content/plugins/portfolio-wp/css/owl-carousel/layout.css?ver=6.2.11 HTTP/1.1" 200 159522 "https://new.lyceum.com.ua/?fbclid=IwdGRjcATxXzRwZG9mBWZkaWQWUMuITnkuyGmhDburbyZNKDmP1BOfgmV4dG4DYWVtAjExAHNydGMGYXBwX2lkCjY2Mjg1NjgzNzkAAR5wWhpP9R6pwPcr4PJvWtExrZjVFjlQ6YfuyY0CvVs5gvEHdKznI3QvnOeFlg_aem_jsAR0ZA1pTZ4vKJDts8-mA" "Mozilla/5.0 (Linux; Android 6.0.1; Nexus 5X Build/MMB29P) AppleWebKit/537.36 (KHTML, like Gecko) Chrome/151.0.7922.173 Mobile Safari/537.36 (compatible; Googlebot/2.1; +http://www.google.com/bot.html)"
66.249.77.38 - - [02/Sep/2026:16:59:11 +0300] "GET /wp-content/plugins/portfolio-wp/js/crp-tiled-layer.js?ver=6.2.11 HTTP/1.1" 200 150870 "https://new.lyceum.com.ua/?fbclid=IwdGRjcATxXzRwZG9mBWZkaWQWUMuITnkuyGmhDburbyZNKDmP1BOfgmV4dG4DYWVtAjExAHNydGMGYXBwX2lkCjY2Mjg1NjgzNzkAAR5wWhpP9R6pwPcr4PJvWtExrZjVFjlQ6YfuyY0CvVs5gvEHdKznI3QvnOeFlg_aem_jsAR0ZA1pTZ4vKJDts8-mA" "Mozilla/5.0 (Linux; Android 6.0.1; Nexus 5X Build/MMB29P) AppleWebKit/537.36 (KHTML, like Gecko) Chrome/151.0.7922.173 Mobile Safari/537.36 (compatible; Googlebot/2.1; +http://www.google.com/bot.html)"
66.249.77.39 - - [02/Sep/2026:16:59:11 +0300] "GET /wp-includes/js/jquery/jquery.min.js?ver=3.6.4 HTTP/1.1" 200 151903 "https://new.lyceum.com.ua/?fbclid=IwdGRjcATxXzRwZG9mBWZkaWQWUMuITnkuyGmhDburbyZNKDmP1BOfgmV4dG4DYWVtAjExAHNydGMGYXBwX2lkCjY2Mjg1NjgzNzkAAR5wWhpP9R6pwPcr4PJvWtExrZjVFjlQ6YfuyY0CvVs5gvEHdKznI3QvnOeFlg_aem_jsAR0ZA1pTZ4vKJDts8-mA" "Mozilla/5.0 (Linux; Android 6.0.1; Nexus 5X Build/MMB29P) AppleWebKit/537.36 (KHTML, like Gecko) Chrome/151.0.7922.173 Mobile Safari/537.36 (compatible; Googlebot/2.1; +http://www.google.com/bot.html)"
66.249.77.38 - - [02/Sep/2026:16:59:12 +0300] "GET /wp-content/plugins/slider-bws/js/owl.carousel/owl.video.js?ver=6.2.11 HTTP/1.1" 200 155498 "https://new.lyceum.com.ua/?fbclid=IwdGRjcATxXzRwZG9mBWZkaWQWUMuITnkuyGmhDburbyZNKDmP1BOfgmV4dG4DYWVtAjExAHNydGMGYXBwX2lkCjY2Mjg1NjgzNzkAAR5wWhpP9R6pwPcr4PJvWtExrZjVFjlQ6YfuyY0CvVs5gvEHdKznI3QvnOeFlg_aem_jsAR0ZA1pTZ4vKJDts8-mA" "Mozilla/5.0 (Linux; Android 6.0.1; Nexus 5X Build/MMB29P) AppleWebKit/537.36 (KHTML, like Gecko) Chrome/151.0.7922.173 Mobile Safari/537.36 (compatible; Googlebot/2.1; +http://www.google.com/bot.html)"
66.249.77.38 - - [02/Sep/2026:16:59:12 +0300] "GET /wp-content/plugins/nextgen-gallery-194/js/bsc-loader.js?ver=2.5.1 HTTP/1.1" 200 153905 "https://new.lyceum.com.ua/?fbclid=IwdGRjcATxXzRwZG9mBWZkaWQWUMuITnkuyGmhDburbyZNKDmP1BOfgmV4dG4DYWVtAjExAHNydGMGYXBwX2lkCjY2Mjg1NjgzNzkAAR5wWhpP9R6pwPcr4PJvWtExrZjVFjlQ6YfuyY0CvVs5gvEHdKznI3QvnOeFlg_aem_jsAR0ZA1pTZ4vKJDts8-mA" "Mozilla/5.0 (Linux; Android 6.0.1; Nexus 5X Build/MMB29P) AppleWebKit/537.36 (KHTML, like Gecko) Chrome/151.0.7922.173 Mobile Safari/537.36 (compatible; Googlebot/2.1; +http://www.google.com/bot.html)"
46.255.164.212 - - [02/Sep/2026:16:59:13 +0300] "GET /wp-content/plugins/smtp-mail/ HTTP/1.1" 500 0 "-" "Mozilla/5.0 (Windows NT 10.0; Win64; x64) AppleWebKit/537.36 (KHTML, like Gecko) Chrome/126.0.0.0 Safari/537.36"
66.249.77.39 - - [02/Sep/2026:16:59:13 +0300] "GET /wp-content/plugins/slider-bws/js/script.js?ver=6.2.11 HTTP/1.1" 200 156940 "https://new.lyceum.com.ua/?fbclid=IwdGRjcATxXzRwZG9mBWZkaWQWUMuITnkuyGmhDburbyZNKDmP1BOfgmV4dG4DYWVtAjExAHNydGMGYXBwX2lkCjY2Mjg1NjgzNzkAAR5wWhpP9R6pwPcr4PJvWtExrZjVFjlQ6YfuyY0CvVs5gvEHdKznI3QvnOeFlg_aem_jsAR0ZA1pTZ4vKJDts8-mA" "Mozilla/5.0 (Linux; Android 6.0.1; Nexus 5X Build/MMB29P) AppleWebKit/537.36 (KHTML, like Gecko) Chrome/151.0.7922.173 Mobile Safari/537.36 (compatible; Googlebot/2.1; +http://www.google.com/bot.html)"
66.249.77.38 - - [02/Sep/2026:16:59:13 +0300] "GET /wp-content/plugins/slider-bws/js/owl.carousel/owl.lazyload.js?ver=6.2.11 HTTP/1.1" 200 152262 "https://new.lyceum.com.ua/?fbclid=IwdGRjcATxXzRwZG9mBWZkaWQWUMuITnkuyGmhDburbyZNKDmP1BOfgmV4dG4DYWVtAjExAHNydGMGYXBwX2lkCjY2Mjg1NjgzNzkAAR5wWhpP9R6pwPcr4PJvWtExrZjVFjlQ6YfuyY0CvVs5gvEHdKznI3QvnOeFlg_aem_jsAR0ZA1pTZ4vKJDts8-mA" "Mozilla/5.0 (Linux; Android 6.0.1; Nexus 5X Build/MMB29P) AppleWebKit/537.36 (KHTML, like Gecko) Chrome/151.0.7922.173 Mobile Safari/537.36 (compatible; Googlebot/2.1; +http://www.google.com/bot.html)"
46.255.164.212 - - [02/Sep/2026:16:59:14 +0300] "GET /wp-content/plugins/gmail-smtp/ HTTP/1.1" 500 0 "-" "Mozilla/5.0 (Windows NT 10.0; Win64; x64) AppleWebKit/537.36 (KHTML, like Gecko) Chrome/126.0.0.0 Safari/537.36"
66.249.77.39 - - [02/Sep/2026:16:59:14 +0300] "GET /wp-content/plugins/portfolio-wp/js/crp-helper.js?ver=6.2.11 HTTP/1.1" 200 151344 "https://new.lyceum.com.ua/?fbclid=IwdGRjcATxXzRwZG9mBWZkaWQWUMuITnkuyGmhDburbyZNKDmP1BOfgmV4dG4DYWVtAjExAHNydGMGYXBwX2lkCjY2Mjg1NjgzNzkAAR5wWhpP9R6pwPcr4PJvWtExrZjVFjlQ6YfuyY0CvVs5gvEHdKznI3QvnOeFlg_aem_jsAR0ZA1pTZ4vKJDts8-mA" "Mozilla/5.0 (Linux; Android 6.0.1; Nexus 5X Build/MMB29P) AppleWebKit/537.36 (KHTML, like Gecko) Chrome/151.0.7922.173 Mobile Safari/537.36 (compatible; Googlebot/2.1; +http://www.google.com/bot.html)"
66.249.77.39 - - [02/Sep/2026:16:59:15 +0300] "GET /wp-content/plugins/portfolio-wp/js/jquery/jquery.modernizr.js?ver=6.2.11 HTTP/1.1" 200 164016 "https://new.lyceum.com.ua/?fbclid=IwdGRjcATxXzRwZG9mBWZkaWQWUMuITnkuyGmhDburbyZNKDmP1BOfgmV4dG4DYWVtAjExAHNydGMGYXBwX2lkCjY2Mjg1NjgzNzkAAR5wWhpP9R6pwPcr4PJvWtExrZjVFjlQ6YfuyY0CvVs5gvEHdKznI3QvnOeFlg_aem_jsAR0ZA1pTZ4vKJDts8-mA" "Mozilla/5.0 (Linux; Android 6.0.1; Nexus 5X Build/MMB29P) AppleWebKit/537.36 (KHTML, like Gecko) Chrome/151.0.7922.173 Mobile Safari/537.36 (compatible; Googlebot/2.1; +http://www.google.com/bot.html)"
66.249.77.39 - - [02/Sep/2026:16:59:16 +0300] "GET /wp-content/plugins/themezee-magazine-blocks/assets/css/themezee-magazine-blocks.css?ver=1.2 HTTP/1.1" 200 154349 "https://new.lyceum.com.ua/?fbclid=IwdGRjcATxXzRwZG9mBWZkaWQWUMuITnkuyGmhDburbyZNKDmP1BOfgmV4dG4DYWVtAjExAHNydGMGYXBwX2lkCjY2Mjg1NjgzNzkAAR5wWhpP9R6pwPcr4PJvWtExrZjVFjlQ6YfuyY0CvVs5gvEHdKznI3QvnOeFlg_aem_jsAR0ZA1pTZ4vKJDts8-mA" "Mozilla/5.0 (Linux; Android 6.0.1; Nexus 5X Build/MMB29P) AppleWebKit/537.36 (KHTML, like Gecko) Chrome/151.0.7922.173 Mobile Safari/537.36 (compatible; Googlebot/2.1; +http://www.google.com/bot.html)"
66.249.77.38 - - [02/Sep/2026:16:59:16 +0300] "GET /wp-includes/css/dashicons.min.css?ver=6.2.11 HTTP/1.1" 200 156976 "https://new.lyceum.com.ua/?fbclid=IwdGRjcATxXzRwZG9mBWZkaWQWUMuITnkuyGmhDburbyZNKDmP1BOfgmV4dG4DYWVtAjExAHNydGMGYXBwX2lkCjY2Mjg1NjgzNzkAAR5wWhpP9R6pwPcr4PJvWtExrZjVFjlQ6YfuyY0CvVs5gvEHdKznI3QvnOeFlg_aem_jsAR0ZA1pTZ4vKJDts8-mA" "Mozilla/5.0 (Linux; Android 6.0.1; Nexus 5X Build/MMB29P) AppleWebKit/537.36 (KHTML, like Gecko) Chrome/151.0.7922.173 Mobile Safari/537.36 (compatible; Googlebot/2.1; +http://www.google.com/bot.html)"
46.255.164.212 - - [02/Sep/2026:16:59:16 +0300] "GET /wp-content/plugins/wp-mail-bank/ HTTP/1.1" 500 0 "-" "Mozilla/5.0 (Windows NT 10.0; Win64; x64) AppleWebKit/537.36 (KHTML, like Gecko) Chrome/126.0.0.0 Safari/537.36"
66.249.77.38 - - [02/Sep/2026:16:59:16 +0300] "GET /wp-content/themes/dynamico/assets/js/svgxuse.min.js?ver=1.2.6 HTTP/1.1" 200 152573 "https://new.lyceum.com.ua/?fbclid=IwdGRjcATxXzRwZG9mBWZkaWQWUMuITnkuyGmhDburbyZNKDmP1BOfgmV4dG4DYWVtAjExAHNydGMGYXBwX2lkCjY2Mjg1NjgzNzkAAR5wWhpP9R6pwPcr4PJvWtExrZjVFjlQ6YfuyY0CvVs5gvEHdKznI3QvnOeFlg_aem_jsAR0ZA1pTZ4vKJDts8-mA" "Mozilla/5.0 (Linux; Android 6.0.1; Nexus 5X Build/MMB29P) AppleWebKit/537.36 (KHTML, like Gecko) Chrome/151.0.7922.173 Mobile Safari/537.36 (compatible; Googlebot/2.1; +http://www.google.com/bot.html)"
46.255.164.212 - - [02/Sep/2026:16:59:17 +0300] "GET /wp-content/plugins/email-log/ HTTP/1.1" 500 0 "-" "Mozilla/5.0 (Windows NT 10.0; Win64; x64) AppleWebKit/537.36 (KHTML, like Gecko) Chrome/126.0.0.0 Safari/537.36"
66.249.77.38 - - [02/Sep/2026:16:59:18 +0300] "GET /wp-content/plugins/portfolio-wp/css/owl-carousel/assets/owl.carousel.css?ver=6.2.11 HTTP/1.1" 200 153524 "https://new.lyceum.com.ua/?fbclid=IwdGRjcATxXzRwZG9mBWZkaWQWUMuITnkuyGmhDburbyZNKDmP1BOfgmV4dG4DYWVtAjExAHNydGMGYXBwX2lkCjY2Mjg1NjgzNzkAAR5wWhpP9R6pwPcr4PJvWtExrZjVFjlQ6YfuyY0CvVs5gvEHdKznI3QvnOeFlg_aem_jsAR0ZA1pTZ4vKJDts8-mA" "Mozilla/5.0 (Linux; Android 6.0.1; Nexus 5X Build/MMB29P) AppleWebKit/537.36 (KHTML, like Gecko) Chrome/151.0.7922.173 Mobile Safari/537.36 (compatible; Googlebot/2.1; +http://www.google.com/bot.html)"
66.249.77.38 - - [02/Sep/2026:16:59:18 +0300] "GET /wp-content/plugins/social-icons-widget-by-wpzoom/assets/css/academicons.min.css?ver=1684170615 HTTP/1.1" 200 156002 "https://new.lyceum.com.ua/?fbclid=IwdGRjcATxXzRwZG9mBWZkaWQWUMuITnkuyGmhDburbyZNKDmP1BOfgmV4dG4DYWVtAjExAHNydGMGYXBwX2lkCjY2Mjg1NjgzNzkAAR5wWhpP9R6pwPcr4PJvWtExrZjVFjlQ6YfuyY0CvVs5gvEHdKznI3QvnOeFlg_aem_jsAR0ZA1pTZ4vKJDts8-mA" "Mozilla/5.0 (Linux; Android 6.0.1; Nexus 5X Build/MMB29P) AppleWebKit/537.36 (KHTML, like Gecko) Chrome/151.0.7922.173 Mobile Safari/537.36 (compatible; Googlebot/2.1; +http://www.google.com/bot.html)"
66.249.77.38 - - [02/Sep/2026:16:59:19 +0300] "GET /wp-content/plugins/portfolio-wp/css/fontawesome/font-awesome.css?ver=6.2.11 HTTP/1.1" 200 154064 "https://new.lyceum.com.ua/?fbclid=IwdGRjcATxXzRwZG9mBWZkaWQWUMuITnkuyGmhDburbyZNKDmP1BOfgmV4dG4DYWVtAjExAHNydGMGYXBwX2lkCjY2Mjg1NjgzNzkAAR5wWhpP9R6pwPcr4PJvWtExrZjVFjlQ6YfuyY0CvVs5gvEHdKznI3QvnOeFlg_aem_jsAR0ZA1pTZ4vKJDts8-mA" "Mozilla/5.0 (Linux; Android 6.0.1; Nexus 5X Build/MMB29P) AppleWebKit/537.36 (KHTML, like Gecko) Chrome/151.0.7922.173 Mobile Safari/537.36 (compatible; Googlebot/2.1; +http://www.google.com/bot.html)"
46.255.164.212 - - [02/Sep/2026:16:59:20 +0300] "GET /wp-content/plugins/wp-mail-log/ HTTP/1.1" 500 0 "-" "Mozilla/5.0 (Windows NT 10.0; Win64; x64) AppleWebKit/537.36 (KHTML, like Gecko) Chrome/126.0.0.0 Safari/537.36"
66.249.77.38 - - [02/Sep/2026:16:59:22 +0300] "GET /wp-content/themes/dynamico/assets/icons/genericons-neue.svg HTTP/1.1" 200 148509 "https://new.lyceum.com.ua/?fbclid=IwdGRjcATxXzRwZG9mBWZkaWQWUMuITnkuyGmhDburbyZNKDmP1BOfgmV4dG4DYWVtAjExAHNydGMGYXBwX2lkCjY2Mjg1NjgzNzkAAR5wWhpP9R6pwPcr4PJvWtExrZjVFjlQ6YfuyY0CvVs5gvEHdKznI3QvnOeFlg_aem_jsAR0ZA1pTZ4vKJDts8-mA" "Mozilla/5.0 (Linux; Android 6.0.1; Nexus 5X Build/MMB29P) AppleWebKit/537.36 (KHTML, like Gecko) Chrome/151.0.7922.173 Mobile Safari/537.36 (compatible; Googlebot/2.1; +http://www.google.com/bot.html)"
46.255.164.212 - - [02/Sep/2026:16:59:24 +0300] "GET /wp-content/plugins/mailgun/ HTTP/1.1" 500 0 "-" "Mozilla/5.0 (Windows NT 10.0; Win64; x64) AppleWebKit/537.36 (KHTML, like Gecko) Chrome/126.0.0.0 Safari/537.36"
46.255.164.212 - - [02/Sep/2026:16:59:29 +0300] "GET /wp-content/plugins/sendgrid/ HTTP/1.1" 500 0 "-" "Mozilla/5.0 (Windows NT 10.0; Win64; x64) AppleWebKit/537.36 (KHTML, like Gecko) Chrome/126.0.0.0 Safari/537.36"
46.255.164.212 - - [02/Sep/2026:16:59:32 +0300] "GET /wp-content/plugins/brevo/ HTTP/1.1" 500 0 "-" "Mozilla/5.0 (Windows NT 10.0; Win64; x64) AppleWebKit/537.36 (KHTML, like Gecko) Chrome/126.0.0.0 Safari/537.36"
46.255.164.212 - - [02/Sep/2026:16:59:39 +0300] "GET /wp-content/plugins/mailchimp/ HTTP/1.1" 500 0 "-" "Mozilla/5.0 (Windows NT 10.0; Win64; x64) AppleWebKit/537.36 (KHTML, like Gecko) Chrome/126.0.0.0 Safari/537.36"
46.255.164.212 - - [02/Sep/2026:16:59:44 +0300] "GET /wp-content/plugins/mailjet/ HTTP/1.1" 500 0 "-" "Mozilla/5.0 (Windows NT 10.0; Win64; x64) AppleWebKit/537.36 (KHTML, like Gecko) Chrome/126.0.0.0 Safari/537.36"
46.255.164.212 - - [02/Sep/2026:16:59:47 +0300] "GET /wp-content/plugins/mailersend/ HTTP/1.1" 500 0 "-" "Mozilla/5.0 (Windows NT 10.0; Win64; x64) AppleWebKit/537.36 (KHTML, like Gecko) Chrome/126.0.0.0 Safari/537.36"
46.255.164.212 - - [02/Sep/2026:16:59:51 +0300] "GET /wp-content/plugins/sparkpost/ HTTP/1.1" 500 0 "-" "Mozilla/5.0 (Windows NT 10.0; Win64; x64) AppleWebKit/537.36 (KHTML, like Gecko) Chrome/126.0.0.0 Safari/537.36"
46.255.164.212 - - [02/Sep/2026:16:59:54 +0300] "GET /wp-content/plugins/postmark/ HTTP/1.1" 500 0 "-" "Mozilla/5.0 (Windows NT 10.0; Win64; x64) AppleWebKit/537.36 (KHTML, like Gecko) Chrome/126.0.0.0 Safari/537.36"
46.255.164.212 - - [02/Sep/2026:16:59:57 +0300] "GET /wp-content/plugins/sendinblue/ HTTP/1.1" 500 0 "-" "Mozilla/5.0 (Windows NT 10.0; Win64; x64) AppleWebKit/537.36 (KHTML, like Gecko) Chrome/126.0.0.0 Safari/537.36"
46.255.164.212 - - [02/Sep/2026:16:59:59 +0300] "GET /wp-content/plugins/newsletter/ HTTP/1.1" 500 0 "-" "Mozilla/5.0 (Windows NT 10.0; Win64; x64) AppleWebKit/537.36 (KHTML, like Gecko) Chrome/126.0.0.0 Safari/537.36"
46.255.164.212 - - [02/Sep/2026:17:00:00 +0300] "GET /wp-content/plugins/woocommerce/ HTTP/1.1" 500 0 "-" "Mozilla/5.0 (Windows NT 10.0; Win64; x64) AppleWebKit/537.36 (KHTML, like Gecko) Chrome/126.0.0.0 Safari/537.36"
46.255.164.212 - - [02/Sep/2026:17:00:07 +0300] "GET /wp-content/plugins/easy-digital-downloads/ HTTP/1.1" 500 0 "-" "Mozilla/5.0 (Windows NT 10.0; Win64; x64) AppleWebKit/537.36 (KHTML, like Gecko) Chrome/126.0.0.0 Safari/537.36"
46.255.164.212 - - [02/Sep/2026:17:00:10 +0300] "GET /wp-content/plugins/stripe/ HTTP/1.1" 500 0 "-" "Mozilla/5.0 (Windows NT 10.0; Win64; x64) AppleWebKit/537.36 (KHTML, like Gecko) Chrome/126.0.0.0 Safari/537.36"
46.255.164.212 - - [02/Sep/2026:17:00:14 +0300] "GET /wp-content/plugins/paypal/ HTTP/1.1" 500 0 "-" "Mozilla/5.0 (Windows NT 10.0; Win64; x64) AppleWebKit/537.36 (KHTML, like Gecko) Chrome/126.0.0.0 Safari/537.36"
46.255.164.212 - - [02/Sep/2026:17:00:17 +0300] "GET /wp-content/plugins/razorpay/ HTTP/1.1" 500 0 "-" "Mozilla/5.0 (Windows NT 10.0; Win64; x64) AppleWebKit/537.36 (KHTML, like Gecko) Chrome/126.0.0.0 Safari/537.36"
46.255.164.212 - - [02/Sep/2026:17:00:23 +0300] "GET /wp-content/plugins/twilio/ HTTP/1.1" 500 0 "-" "Mozilla/5.0 (Windows NT 10.0; Win64; x64) AppleWebKit/537.36 (KHTML, like Gecko) Chrome/126.0.0.0 Safari/537.36"
46.255.164.212 - - [02/Sep/2026:17:00:26 +0300] "GET /wp-content/plugins/slack/ HTTP/1.1" 500 0 "-" "Mozilla/5.0 (Windows NT 10.0; Win64; x64) AppleWebKit/537.36 (KHTML, like Gecko) Chrome/126.0.0.0 Safari/537.36"
46.255.164.212 - - [02/Sep/2026:17:00:33 +0300] "GET /wp-content/plugins/telegram/ HTTP/1.1" 500 0 "-" "Mozilla/5.0 (Windows NT 10.0; Win64; x64) AppleWebKit/537.36 (KHTML, like Gecko) Chrome/126.0.0.0 Safari/537.36"
46.255.164.212 - - [02/Sep/2026:17:00:38 +0300] "GET /wp-content/plugins/github/ HTTP/1.1" 500 0 "-" "Mozilla/5.0 (Windows NT 10.0; Win64; x64) AppleWebKit/537.36 (KHTML, like Gecko) Chrome/126.0.0.0 Safari/537.36"
46.255.164.212 - - [02/Sep/2026:17:00:40 +0300] "GET /wp-content/plugins/gitlab/ HTTP/1.1" 500 0 "-" "Mozilla/5.0 (Windows NT 10.0; Win64; x64) AppleWebKit/537.36 (KHTML, like Gecko) Chrome/126.0.0.0 Safari/537.36"
46.255.164.212 - - [02/Sep/2026:17:00:42 +0300] "GET /wp-content/plugins/bitbucket/ HTTP/1.1" 500 0 "-" "Mozilla/5.0 (Windows NT 10.0; Win64; x64) AppleWebKit/537.36 (KHTML, like Gecko) Chrome/126.0.0.0 Safari/537.36"
46.255.164.212 - - [02/Sep/2026:17:00:43 +0300] "GET /wp-content/plugins/aws/ HTTP/1.1" 500 0 "-" "Mozilla/5.0 (Windows NT 10.0; Win64; x64) AppleWebKit/537.36 (KHTML, like Gecko) Chrome/126.0.0.0 Safari/537.36"
46.255.164.212 - - [02/Sep/2026:17:00:45 +0300] "GET /wp-content/plugins/amazon/ HTTP/1.1" 500 0 "-" "Mozilla/5.0 (Windows NT 10.0; Win64; x64) AppleWebKit/537.36 (KHTML, like Gecko) Chrome/126.0.0.0 Safari/537.36"
46.255.164.212 - - [02/Sep/2026:17:00:47 +0300] "GET /wp-content/plugins/alibaba/ HTTP/1.1" 500 0 "-" "Mozilla/5.0 (Windows NT 10.0; Win64; x64) AppleWebKit/537.36 (KHTML, like Gecko) Chrome/126.0.0.0 Safari/537.36"
46.255.164.212 - - [02/Sep/2026:17:00:49 +0300] "GET /wp-content/plugins/openai/ HTTP/1.1" 500 0 "-" "Mozilla/5.0 (Windows NT 10.0; Win64; x64) AppleWebKit/537.36 (KHTML, like Gecko) Chrome/126.0.0.0 Safari/537.36"
46.255.164.212 - - [02/Sep/2026:17:00:52 +0300] "GET /wp-content/plugins/anthropic/ HTTP/1.1" 500 0 "-" "Mozilla/5.0 (Windows NT 10.0; Win64; x64) AppleWebKit/537.36 (KHTML, like Gecko) Chrome/126.0.0.0 Safari/537.36"
46.255.164.212 - - [02/Sep/2026:17:00:53 +0300] "GET /wp-content/plugins/gemini/ HTTP/1.1" 500 0 "-" "Mozilla/5.0 (Windows NT 10.0; Win64; x64) AppleWebKit/537.36 (KHTML, like Gecko) Chrome/126.0.0.0 Safari/537.36"
46.255.164.212 - - [02/Sep/2026:17:00:55 +0300] "GET /wp-content/plugins/groq/ HTTP/1.1" 500 0 "-" "Mozilla/5.0 (Windows NT 10.0; Win64; x64) AppleWebKit/537.36 (KHTML, like Gecko) Chrome/126.0.0.0 Safari/537.36"
46.255.164.212 - - [02/Sep/2026:17:00:57 +0300] "GET /wp-content/plugins/deepseek/ HTTP/1.1" 500 0 "-" "Mozilla/5.0 (Windows NT 10.0; Win64; x64) AppleWebKit/537.36 (KHTML, like Gecko) Chrome/126.0.0.0 Safari/537.36"
46.255.164.212 - - [02/Sep/2026:17:00:58 +0300] "GET /wp-content/plugins/mistral/ HTTP/1.1" 500 0 "-" "Mozilla/5.0 (Windows NT 10.0; Win64; x64) AppleWebKit/537.36 (KHTML, like Gecko) Chrome/126.0.0.0 Safari/537.36"
46.255.164.212 - - [02/Sep/2026:17:00:59 +0300] "GET /wp-content/plugins/cohere/ HTTP/1.1" 500 0 "-" "Mozilla/5.0 (Windows NT 10.0; Win64; x64) AppleWebKit/537.36 (KHTML, like Gecko) Chrome/126.0.0.0 Safari/537.36"
46.255.164.212 - - [02/Sep/2026:17:01:01 +0300] "GET /wp-content/plugins/xai/ HTTP/1.1" 500 0 "-" "Mozilla/5.0 (Windows NT 10.0; Win64; x64) AppleWebKit/537.36 (KHTML, like Gecko) Chrome/126.0.0.0 Safari/537.36"
46.255.164.212 - - [02/Sep/2026:17:01:08 +0300] "GET /wp-content/plugins/perplexity/ HTTP/1.1" 500 0 "-" "Mozilla/5.0 (Windows NT 10.0; Win64; x64) AppleWebKit/537.36 (KHTML, like Gecko) Chrome/126.0.0.0 Safari/537.36"
46.255.164.212 - - [02/Sep/2026:17:01:09 +0300] "GET /wp-content/plugins/openrouter/ HTTP/1.1" 500 0 "-" "Mozilla/5.0 (Windows NT 10.0; Win64; x64) AppleWebKit/537.36 (KHTML, like Gecko) Chrome/126.0.0.0 Safari/537.36"
3.212.219.113 - - [02/Sep/2026:17:03:14 +0300] "GET /wp-content/uploads/2024/10/d6-e1727790179830-300x146.jpg HTTP/1.1" 500 0 "-" "Mozilla/5.0 AppleWebKit/537.36 (KHTML, like Gecko; compatible; Amazonbot/0.1; +https://developer.amazon.com/support/amazonbot) Chrome/119.0.6045.214 Safari/537.36"
54.204.62.163 - - [02/Sep/2026:17:03:18 +0300] "GET /wp-json/oembed/1.0/embed?format=xml&url=https://new.lyceum.com.ua/du/ HTTP/1.1" 500 0 "-" "Mozilla/5.0 AppleWebKit/537.36 (KHTML, like Gecko; compatible; Amazonbot/0.1; +https://developer.amazon.com/support/amazonbot) Chrome/119.0.6045.214 Safari/537.36"
198.204.240.234 - - [02/Sep/2026:17:05:12 +0300] "GET /wp-includes/ade9d2d9/index.php HTTP/1.1" 499 0 "https://new.lyceum.com.ua/wp-includes/ade9d2d9/index.php" "Opera/9.80 (Macintosh; Intel Mac OS X 10.6.8; U; ja) Presto/2.10.289 Version/12.00"
198.204.240.234 - - [02/Sep/2026:17:05:17 +0300] "GET /wp-includes/ade9d2d9/index.php HTTP/1.1" 200 16 "https://new.lyceum.com.ua/wp-includes/ade9d2d9/index.php" "Mozilla/4.0 (compatible; MSIE 8.0; Windows NT 5.1; Trident/4.0; .NET CLR 2.0.50727; InfoPath.1"
107.150.52.226 - - [02/Sep/2026:17:06:56 +0300] "GET /wp-includes/ade9d2d9/index.php?id=160137$wd HTTP/1.1" 499 0 "https://new.lyceum.com.ua/wp-includes/ade9d2d9/index.php?id=160137$wd" "Mozilla/5.0"
107.150.52.226 - - [02/Sep/2026:17:08:23 +0300] "GET /wp-includes/ade9d2d9/index.php?id=160137$wd HTTP/1.1" 499 0 "https://new.lyceum.com.ua/wp-includes/ade9d2d9/index.php?id=160137$wd" "Mozilla/5.0"
199.45.155.83 - - [02/Sep/2026:17:10:56 +0300] "GET / HTTP/1.1" 500 0 "-" "Mozilla/5.0 (compatible; CensysInspect/1.1; +https://about.censys.io/)"
205.172.58.137 - - [02/Sep/2026:17:12:15 +0300] "GET /wp-login.php HTTP/1.1" 500 0 "-" "Mozilla/5.0 (Windows NT 10.0; Win64; x64) AppleWebKit/537.36 (KHTML, like Gecko) Chrome/151.0.0.0 Safari/537.36"
205.172.58.137 - - [02/Sep/2026:17:12:15 +0300] "POST /wp-login.php HTTP/1.1" 500 0 "https://new.lyceum.com.ua/wp-login.php" "Mozilla/5.0 (Windows NT 10.0; Win64; x64) AppleWebKit/537.36 (KHTML, like Gecko) Chrome/151.0.0.0 Safari/537.36"
198.204.240.234 - - [02/Sep/2026:17:12:16 +0300] "GET /wp-includes/ade9d2d9/index.php HTTP/1.1" 499 0 "https://new.lyceum.com.ua/wp-includes/ade9d2d9/index.php" "Mozilla/5.0 (compatible; MSIE 9.0; Windows NT 6.1; WOW64; Trident/5.0; SLCC2; .NET CLR 2.0.50727; .NET CLR 3.5.30729; .NET CLR 3.0.30729; Media Center PC 6.0; MAGW; .NET4.0C; Lunascape 6.5.8.24780)"
198.204.240.234 - - [02/Sep/2026:17:12:17 +0300] "GET /wp-includes/ade9d2d9/index.php HTTP/1.1" 200 16 "https://new.lyceum.com.ua/wp-includes/ade9d2d9/index.php" "Mozilla/5.0 (compatible; MSIE 9.0; Windows NT 6.0; Trident/5.0)"
107.150.52.226 - - [02/Sep/2026:17:13:59 +0300] "GET /wp-includes/ade9d2d9/index.php?id=160137$wd HTTP/1.1" 499 0 "https://new.lyceum.com.ua/wp-includes/ade9d2d9/index.php?id=160137$wd" "Mozilla/5.0"
34.123.124.116 - - [02/Sep/2026:17:14:39 +0300] "GET /author/daly/page/29/ HTTP/1.1" 500 0 "-" "Mozilla/5.0 (Macintosh; Intel Mac OS X 10_15_7) AppleWebKit/537.36 (KHTML, like Gecko) Chrome/120.0.0.0 Safari/537.36"
119.28.93.243 - - [02/Sep/2026:17:15:03 +0300] "GET /ip HTTP/1.1" 500 0 "-" "Mozilla/5.0 (Macintosh; Intel Mac OS X 10_15_7) AppleWebKit/537.36 (KHTML, like Gecko) Chrome/114.0.0.0 Safari/537.36"
49.51.192.200 - - [02/Sep/2026:17:15:04 +0300] "GET /ip HTTP/1.1" 500 0 "-" "Mozilla/5.0 (Macintosh; Intel Mac OS X 10_15_7) AppleWebKit/537.36 (KHTML, like Gecko) Chrome/114.0.0.0 Safari/537.36"
43.134.106.155 - - [02/Sep/2026:17:15:04 +0300] "GET /ip HTTP/1.1" 500 0 "-" "Mozilla/5.0 (Macintosh; Intel Mac OS X 10_15_7) AppleWebKit/537.36 (KHTML, like Gecko) Chrome/114.0.0.0 Safari/537.36"
66.102.9.2 - - [02/Sep/2026:17:20:55 +0300] "GET / HTTP/1.1" 200 157585 "-" "Mozilla/5.0 (Linux; Android 10; K) AppleWebKit/537.36 (KHTML, like Gecko) Chrome/138.0.0.0 Mobile Safari/537.36 (compatible; Google-Read-Aloud; +https://support.google.com/webmasters/answer/1061943)"
49.124.158.17 - - [02/Sep/2026:17:22:09 +0300] "GET /wp-login.php HTTP/1.1" 500 0 "-" "Mozilla/5.0 (Windows NT 10.0; Win64; x64) AppleWebKit/537.36 (KHTML, like Gecko) Chrome/151.0.0.0 Safari/537.36"
49.124.158.17 - - [02/Sep/2026:17:22:10 +0300] "POST /wp-login.php HTTP/1.1" 500 0 "https://new.lyceum.com.ua/wp-login.php" "Mozilla/5.0 (Windows NT 10.0; Win64; x64) AppleWebKit/537.36 (KHTML, like Gecko) Chrome/151.0.0.0 Safari/537.36"
52.167.144.195 - - [02/Sep/2026:17:22:45 +0300] "GET /luty/ HTTP/1.1" 200 23 "-" "Mozilla/5.0 AppleWebKit/537.36 (KHTML, like Gecko; compatible; bingbot/2.0; +http://www.bing.com/bingbot.htm) Chrome/116.0.1938.76 Safari/537.36"
46.133.142.51 - - [02/Sep/2026:17:23:17 +0300] "GET / HTTP/1.1" 500 0 "-" "Mozilla/5.0 (iPhone; CPU iPhone OS 18_7 like Mac OS X) AppleWebKit/605.1.15 (KHTML, like Gecko) Version/26.6.1 Mobile/15E148 Safari/604.1"
46.133.142.51 - - [02/Sep/2026:17:23:17 +0300] "GET /favicon.ico HTTP/1.1" 500 0 "https://www.new.lyceum.com.ua/" "Mozilla/5.0 (iPhone; CPU iPhone OS 18_7 like Mac OS X) AppleWebKit/605.1.15 (KHTML, like Gecko) Version/26.6.1 Mobile/15E148 Safari/604.1"
100.24.167.60 - - [02/Sep/2026:17:23:51 +0300] "GET /prapor/ HTTP/1.1" 500 0 "-" "Mozilla/5.0 AppleWebKit/537.36 (KHTML, like Gecko; compatible; Amazonbot/0.1; +https://developer.amazon.com/support/amazonbot) Chrome/119.0.6045.214 Safari/537.36"
52.167.144.195 - - [02/Sep/2026:17:25:35 +0300] "GET /luty/ HTTP/1.1" 200 23 "-" "Mozilla/5.0 AppleWebKit/537.36 (KHTML, like Gecko; compatible; bingbot/2.0; +http://www.bing.com/bingbot.htm) Chrome/116.0.1938.76 Safari/537.36"
198.204.240.234 - - [02/Sep/2026:17:34:22 +0300] "GET /wp-includes/ade9d2d9/index.php HTTP/1.1" 499 0 "https://new.lyceum.com.ua/wp-includes/ade9d2d9/index.php" "Mozilla/5.0 (Macintosh; U; Intel Mac OS X 10_5_6; ja-jp) AppleWebKit/525.27.1 (KHTML, like Gecko) Version/3.2.1 Safari/525.27.1"
198.204.240.234 - - [02/Sep/2026:17:34:22 +0300] "GET /wp-includes/ade9d2d9/index.php HTTP/1.1" 200 16 "https://new.lyceum.com.ua/wp-includes/ade9d2d9/index.php" "Mozilla/4.0 (compatible; MSIE 7.0; Windows NT 5.1; SV1)"
34.69.250.36 - - [02/Sep/2026:17:35:26 +0300] "GET /?p=2394 HTTP/1.1" 500 0 "-" "Mozilla/5.0 (Macintosh; Intel Mac OS X 10_15_7) AppleWebKit/537.36 (KHTML, like Gecko) Chrome/120.0.0.0 Safari/537.36"
107.150.52.226 - - [02/Sep/2026:17:36:04 +0300] "GET /wp-includes/ade9d2d9/index.php?id=160137$wd HTTP/1.1" 499 0 "https://new.lyceum.com.ua/wp-includes/ade9d2d9/index.php?id=160137$wd" "Mozilla/5.0"
46.133.142.51 - - [02/Sep/2026:17:36:44 +0300] "GET /?fbclid=IwcGRvZgVmZGlkFlDabMcWdVNYiSElV7oIfqXOir67qDJleHRuA2FlbQIxMQBzcnRjBmFwcF9pZAo2NjI4NTY4Mzc5AAEeS77omEMrQh5iEUV9t0SMje9Jx9cWcWxjTLtkKcR8YhAqc8onpXEn4hw9blQ_aem_OdfRESeJpOGVWeDs_PHoqg HTTP/1.1" 500 0 "https://facebook.com/" "Mozilla/5.0 (iPhone; CPU iPhone OS 26_6_1 like Mac OS X) AppleWebKit/605.1.15 (KHTML, like Gecko) Mobile/23G83 Safari/604.1 [FBAN/FBIOS;FBAV/576.0.0.47.71;FBBV/1048889375;FBDV/iPhone16,2;FBMD/iPhone;FBSN/iOS;FBSV/26.6.1;FBSS/3;FBID/phone;FBLC/ru_Qaau_RU;FBOP/5;FBRV/1057309737;IABMV/1]"
107.150.52.226 - - [02/Sep/2026:17:37:32 +0300] "GET /wp-includes/ade9d2d9/index.php?id=160137$wd HTTP/1.1" 499 0 "https://new.lyceum.com.ua/wp-includes/ade9d2d9/index.php?id=160137$wd" "Mozilla/5.0"
58.87.84.238 - - [02/Sep/2026:17:40:15 +0300] "GET /ip HTTP/1.1" 500 0 "-" "Mozilla/5.0 (Macintosh; Intel Mac OS X 10_15_7) AppleWebKit/537.36 (KHTML, like Gecko) Chrome/114.0.0.0 Safari/537.36"
116.204.97.86 - - [02/Sep/2026:17:40:15 +0300] "GET /ip HTTP/1.1" 500 0 "-" "Mozilla/5.0 (Macintosh; Intel Mac OS X 10_15_7) AppleWebKit/537.36 (KHTML, like Gecko) Chrome/114.0.0.0 Safari/537.36"
140.206.235.15 - - [02/Sep/2026:17:40:16 +0300] "GET /ip HTTP/1.1" 500 0 "-" "Mozilla/5.0 (Macintosh; Intel Mac OS X 10_15_7) AppleWebKit/537.36 (KHTML, like Gecko) Chrome/114.0.0.0 Safari/537.36"
180.153.197.171 - - [02/Sep/2026:17:40:17 +0300] "GET /ip HTTP/1.1" 500 0 "-" "Mozilla/5.0 (Macintosh; Intel Mac OS X 10_15_7) AppleWebKit/537.36 (KHTML, like Gecko) Chrome/114.0.0.0 Safari/537.36"
199.45.154.69 - - [02/Sep/2026:17:43:09 +0300] "GET / HTTP/1.1" 500 0 "-" "Mozilla/5.0 (compatible; CensysInspect/1.1; +https://about.censys.io/)"
91.221.74.62 - - [02/Sep/2026:17:45:07 +0300] "GET /?fbclid=IwcGRvZgVmZGlkFlDabMcWdVNYiSElV7oIfqXOir67qDJleHRuA2FlbQIxMQBzcnRjBmFwcF9pZAo2NjI4NTY4Mzc5AAEeS77omEMrQh5iEUV9t0SMje9Jx9cWcWxjTLtkKcR8YhAqc8onpXEn4hw9blQ_aem_OdfRESeJpOGVWeDs_PHoqg HTTP/1.1" 500 0 "https://facebook.com/" "Mozilla/5.0 (iPhone; CPU iPhone OS 26_6_1 like Mac OS X) AppleWebKit/605.1.15 (KHTML, like Gecko) Mobile/23G83 Safari/604.1 [FBAN/FBIOS;FBAV/576.0.0.47.71;FBBV/1048889375;FBDV/iPhone16,2;FBMD/iPhone;FBSN/iOS;FBSV/26.6.1;FBSS/3;FBID/phone;FBLC/ru_Qaau_RU;FBOP/5;FBRV/1057309737;IABMV/1]"
91.196.55.46 - - [02/Sep/2026:17:54:05 +0300] "GET /gimn/ HTTP/1.1" 500 0 "-" "Mozilla/5.0 (Macintosh; Intel Mac OS X 10_15_7) AppleWebKit/537.36 (KHTML, like Gecko) Chrome/150.0.0.0 Safari/537.36"
34.29.23.177 - - [02/Sep/2026:18:00:06 +0300] "GET /golodomor/ HTTP/1.1" 500 0 "-" "Mozilla/5.0 (Macintosh; Intel Mac OS X 10_15_7) AppleWebKit/537.36 (KHTML, like Gecko) Chrome/120.0.0.0 Safari/537.36"
198.204.240.234 - - [02/Sep/2026:18:01:36 +0300] "GET /wp-includes/ade9d2d9/index.php HTTP/1.1" 499 0 "https://new.lyceum.com.ua/wp-includes/ade9d2d9/index.php" "Mozilla/5.0 (Windows NT 6.1) AppleWebKit/535.1 (KHTML, like Gecko) Chrome/13.0.782.107 Safari/535.1"
198.204.240.234 - - [02/Sep/2026:18:01:40 +0300] "GET /wp-includes/ade9d2d9/index.php HTTP/1.1" 200 16 "https://new.lyceum.com.ua/wp-includes/ade9d2d9/index.php" "Mozilla/5.0 (Macintosh; Intel Mac OS X 10.7; rv:7.0.1) Gecko/20100101 Firefox/7.0.1"
103.171.12.116 - - [02/Sep/2026:18:03:52 +0300] "GET /wp-login.php HTTP/1.1" 500 0 "-" "Mozilla/5.0 (Windows NT 10.0; Win64; x64) AppleWebKit/537.36 (KHTML, like Gecko) Chrome/151.0.0.0 Safari/537.36"
103.171.12.116 - - [02/Sep/2026:18:03:53 +0300] "POST /wp-login.php HTTP/1.1" 500 0 "https://www.new.lyceum.com.ua/wp-login.php" "Mozilla/5.0 (Windows NT 10.0; Win64; x64) AppleWebKit/537.36 (KHTML, like Gecko) Chrome/151.0.0.0 Safari/537.36"
173.252.70.46 - - [02/Sep/2026:18:04:14 +0300] "GET /roz10/ HTTP/1.1" 500 0 "-" "Mozilla/5.0 (Windows NT 10.0; Win64; x64) AppleWebKit/537.36 (KHTML, like Gecko) Chrome/145.0.0.0 Safari/537.36 (compatible; meta-webindexer/1.1 (+https://developers.facebook.com/docs/sharing/webmasters/crawler))"
3.229.95.193 - - [02/Sep/2026:18:05:18 +0300] "GET /wp-json/wp/v2/posts/3448 HTTP/1.1" 500 0 "-" "Mozilla/5.0 AppleWebKit/537.36 (KHTML, like Gecko; compatible; Amazonbot/0.1; +https://developer.amazon.com/support/amazonbot) Chrome/119.0.6045.214 Safari/537.36"
54.225.181.161 - - [02/Sep/2026:18:05:58 +0300] "GET /wp-content/uploads/2025/10/zdu3-e1759495409905-300x194.png HTTP/1.1" 500 0 "-" "Mozilla/5.0 AppleWebKit/537.36 (KHTML, like Gecko; compatible; Amazonbot/0.1; +https://developer.amazon.com/support/amazonbot) Chrome/119.0.6045.214 Safari/537.36"
216.73.217.109 - - [02/Sep/2026:18:08:56 +0300] "GET /robots.txt HTTP/1.1" 200 391 "-" "Mozilla/5.0 AppleWebKit/537.36 (KHTML, like Gecko; compatible; ClaudeBot/1.0; +claudebot@anthropic.com)"
216.73.217.109 - - [02/Sep/2026:18:08:56 +0300] "GET / HTTP/1.1" 500 0 "-" "Mozilla/5.0 AppleWebKit/537.36 (KHTML, like Gecko; compatible; ClaudeBot/1.0; +claudebot@anthropic.com)"
114.119.128.57 - - [02/Sep/2026:18:09:05 +0300] "GET /robots.txt HTTP/1.1" 200 391 "https://new.lyceum.com.ua/robots.txt" "Mozilla/5.0 (compatible;PetalBot;+https://webmaster.petalsearch.com/site/petalbot)"
18.213.240.226 - - [02/Sep/2026:18:10:14 +0300] "GET /wp-content/uploads/2022/09/yedyna-shkola.jpg HTTP/1.1" 500 0 "-" "Mozilla/5.0 AppleWebKit/537.36 (KHTML, like Gecko; compatible; Amazonbot/0.1; +https://developer.amazon.com/support/amazonbot) Chrome/119.0.6045.214 Safari/537.36"
58.57.33.218 - - [02/Sep/2026:18:11:31 +0300] "GET /wp-login.php HTTP/1.1" 500 0 "-" "Mozilla/5.0 (Windows NT 10.0; Win64; x64) AppleWebKit/537.36 (KHTML, like Gecko) Chrome/151.0.0.0 Safari/537.36"
58.57.33.218 - - [02/Sep/2026:18:11:33 +0300] "POST /wp-login.php HTTP/1.1" 500 0 "https://www.new.lyceum.com.ua/wp-login.php" "Mozilla/5.0 (Windows NT 10.0; Win64; x64) AppleWebKit/537.36 (KHTML, like Gecko) Chrome/151.0.0.0 Safari/537.36"
216.73.217.109 - - [02/Sep/2026:18:11:56 +0300] "GET /pages.php HTTP/1.1" 200 158890 "-" "Mozilla/5.0 AppleWebKit/537.36 (KHTML, like Gecko; compatible; ClaudeBot/1.0; +claudebot@anthropic.com)"
216.73.217.109 - - [02/Sep/2026:18:14:24 +0300] "GET / HTTP/1.1" 500 0 "-" "Mozilla/5.0 AppleWebKit/537.36 (KHTML, like Gecko; compatible; ClaudeBot/1.0; +claudebot@anthropic.com)"
136.119.35.166 - - [02/Sep/2026:18:14:47 +0300] "GET /wp-json/wp/v2/posts/3368 HTTP/1.1" 500 0 "-" "Mozilla/5.0 (Macintosh; Intel Mac OS X 10_15_7) AppleWebKit/537.36 (KHTML, like Gecko) Chrome/120.0.0.0 Safari/537.36"
44.212.106.171 - - [02/Sep/2026:18:15:10 +0300] "GET /romy/ HTTP/1.1" 500 0 "-" "Mozilla/5.0 AppleWebKit/537.36 (KHTML, like Gecko; compatible; Amazonbot/0.1; +https://developer.amazon.com/support/amazonbot) Chrome/119.0.6045.214 Safari/537.36"
216.73.217.109 - - [02/Sep/2026:18:18:30 +0300] "GET / HTTP/1.1" 500 0 "-" "Mozilla/5.0 AppleWebKit/537.36 (KHTML, like Gecko; compatible; ClaudeBot/1.0; +claudebot@anthropic.com)"
187.127.143.148 - - [02/Sep/2026:18:20:25 +0300] "GET /wp-config.php.bak HTTP/1.1" 500 0 "-" "Mozilla/5.0 (Windows NT 10.0; Win64; x64) AppleWebKit/537.36 (KHTML, like Gecko) Chrome/126.0.0.0 Safari/537.36"
187.127.143.148 - - [02/Sep/2026:18:20:26 +0300] "GET /wp-config.php~ HTTP/1.1" 500 0 "-" "Mozilla/5.0 (Windows NT 10.0; Win64; x64) AppleWebKit/537.36 (KHTML, like Gecko) Chrome/126.0.0.0 Safari/537.36"
187.127.143.148 - - [02/Sep/2026:18:20:27 +0300] "GET /wp-config.php.save HTTP/1.1" 500 0 "-" "Mozilla/5.0 (Windows NT 10.0; Win64; x64) AppleWebKit/537.36 (KHTML, like Gecko) Chrome/126.0.0.0 Safari/537.36"
141.101.25.59 - - [02/Sep/2026:18:23:01 +0300] "GET /%D0%95%D0%BB%D0%B5%D0%BA%D1%82%D1%80%D0%BE%D0%BD%D0%BD%D1%96-%D0%BF%D1%96%D0%B4%D1%80%D1%83%D1%87%D0%BD%D0%B8%D0%BA%D0%B8/10-%D0%BA%D0%BB%D0%B0%D1%81/ HTTP/1.1" 500 0 "-" "Mozilla/5.0 (Linux; Android 10; K) AppleWebKit/537.36 (KHTML, like Gecko) Chrome/152.0.0.0 Mobile Safari/537.36"
141.101.25.59 - - [02/Sep/2026:18:23:02 +0300] "GET /%D0%95%D0%BB%D0%B5%D0%BA%D1%82%D1%80%D0%BE%D0%BD%D0%BD%D1%96-%D0%BF%D1%96%D0%B4%D1%80%D1%83%D1%87%D0%BD%D0%B8%D0%BA%D0%B8/10-%D0%BA%D0%BB%D0%B0%D1%81/ HTTP/1.1" 500 0 "-" "Mozilla/5.0 (Linux; Android 10; K) AppleWebKit/537.36 (KHTML, like Gecko) Chrome/152.0.0.0 Mobile Safari/537.36"
188.146.8.109 - - [02/Sep/2026:18:27:33 +0300] "GET /?fbclid=IwcGRvZgFleHRuA2FlbQIxMQBzcnRjBmFwcF9pZAwzNTA2ODU1MzE3MjgAAR6kHOMc3HvW11hWZ3vU06JJc0JjZC6mksOH4iYevnGapAxWbw8Y_H1pAywttQ_aem__8fJctV_sRNBABiQQI4rfw HTTP/1.1" 500 0 "http://m.facebook.com" "Mozilla/5.0 (Linux; Android 15; 2412DPC0AG Build/AP3A.240905.015.A2) AppleWebKit/537.36 (KHTML, like Gecko) Version/4.0 Chrome/151.0.7922.165 Mobile Safari/537.36 [FB_IAB/FB4A;FBAV/575.1.0.55.73;IABMV/1;]"
188.146.8.109 - - [02/Sep/2026:18:27:33 +0300] "GET /?fbclid=IwcGRvZgFleHRuA2FlbQIxMQBzcnRjBmFwcF9pZAwzNTA2ODU1MzE3MjgAAR6kHOMc3HvW11hWZ3vU06JJc0JjZC6mksOH4iYevnGapAxWbw8Y_H1pAywttQ_aem__8fJctV_sRNBABiQQI4rfw HTTP/1.1" 500 0 "http://m.facebook.com/" "Mozilla/5.0 (Linux; Android 15; 2412DPC0AG Build/AP3A.240905.015.A2) AppleWebKit/537.36 (KHTML, like Gecko) Version/4.0 Chrome/151.0.7922.165 Mobile Safari/537.36 [FB_IAB/FB4A;FBAV/575.1.0.55.73;IABMV/1;]"
188.146.8.109 - - [02/Sep/2026:18:27:43 +0300] "GET /?fbclid=Iwb21leAUFH75wZG9mAWV4dG4DYWVtAjExAHNydGMGYXBwX2lkDDM1MDY4NTUzMTcyOAABHqQc4xzce9bXWFZne9TToklzQmNkLqaSw4fiJh6-cZqkDFZvDxj8fWkDLC21_aem__8fJctV_sRNBABiQQI4rfw HTTP/1.1" 500 0 "-" "Mozilla/5.0 (Linux; Android 10; K) AppleWebKit/537.36 (KHTML, like Gecko) Chrome/151.0.0.0 Mobile Safari/537.36"
188.146.8.109 - - [02/Sep/2026:18:27:44 +0300] "GET /?fbclid=Iwb21leAUFH75wZG9mAWV4dG4DYWVtAjExAHNydGMGYXBwX2lkDDM1MDY4NTUzMTcyOAABHqQc4xzce9bXWFZne9TToklzQmNkLqaSw4fiJh6-cZqkDFZvDxj8fWkDLC21_aem__8fJctV_sRNBABiQQI4rfw HTTP/1.1" 500 0 "-" "Mozilla/5.0 (Linux; Android 10; K) AppleWebKit/537.36 (KHTML, like Gecko) Chrome/151.0.0.0 Mobile Safari/537.36"
198.204.240.234 - - [02/Sep/2026:18:30:12 +0300] "GET /wp-includes/ade9d2d9/index.php HTTP/1.1" 499 0 "https://new.lyceum.com.ua/wp-includes/ade9d2d9/index.php" "Mozilla/5.0 (Windows; U; Windows NT 5.1; en-US) AppleWebKit/534.16 (KHTML, like Gecko) Chrome/10.0.648.151 Safari/534.16"
198.204.240.234 - - [02/Sep/2026:18:30:15 +0300] "GET /wp-includes/ade9d2d9/index.php HTTP/1.1" 200 16 "https://new.lyceum.com.ua/wp-includes/ade9d2d9/index.php" "Mozilla/5.0 (Windows NT 6.1) AppleWebKit/535.1 (KHTML, like Gecko) Chrome/13.0.782.107 Safari/535.1"
188.146.8.18 - - [02/Sep/2026:18:33:56 +0300] "GET / HTTP/1.1" 500 0 "-" "Mozilla/5.0 (Windows NT 10.0; Win64; x64) AppleWebKit/537.36 (KHTML, like Gecko) Chrome/151.0.0.0 Safari/537.36"
188.146.8.18 - - [02/Sep/2026:18:33:59 +0300] "GET / HTTP/1.1" 500 0 "-" "Mozilla/5.0 (Windows NT 10.0; Win64; x64) AppleWebKit/537.36 (KHTML, like Gecko) Chrome/151.0.0.0 Safari/537.36"
52.167.144.193 - - [02/Sep/2026:18:40:51 +0300] "GET /%D0%9F%D1%81%D0%B8%D1%85%D0%BE%D0%BB%D0%BE%D0%B3%D1%96%D1%87%D0%BD%D0%B0-%D0%B4%D0%BE%D0%BF%D0%BE%D0%BC%D0%BE%D0%B3%D0%B0/adapt/ HTTP/1.1" 200 23 "-" "Mozilla/5.0 AppleWebKit/537.36 (KHTML, like Gecko; compatible; bingbot/2.0; +http://www.bing.com/bingbot.htm) Chrome/116.0.1938.76 Safari/537.36"
52.167.144.193 - - [02/Sep/2026:18:44:03 +0300] "GET /%D0%94%D0%B5%D0%BD%D1%8C-%D0%9D%D0%B5%D0%B7%D0%B0%D0%BB%D0%B5%D0%B6%D0%BD%D0%BE%D1%81%D1%82%D1%96-%D0%A3%D0%BA%D1%80%D0%B0%D1%97%D0%BD%D0%B8/ HTTP/1.1" 200 23 "-" "Mozilla/5.0 AppleWebKit/537.36 (KHTML, like Gecko; compatible; bingbot/2.0; +http://www.bing.com/bingbot.htm) Chrome/116.0.1938.76 Safari/537.36"
90.77.60.38 - - [02/Sep/2026:18:47:20 +0300] "GET /wp-login.php HTTP/1.1" 500 0 "-" "Mozilla/5.0 (Windows NT 10.0; Win64; x64) AppleWebKit/537.36 (KHTML, like Gecko) Chrome/151.0.0.0 Safari/537.36"
90.77.60.38 - - [02/Sep/2026:18:47:21 +0300] "POST /wp-login.php HTTP/1.1" 500 0 "https://www.new.lyceum.com.ua/wp-login.php" "Mozilla/5.0 (Windows NT 10.0; Win64; x64) AppleWebKit/537.36 (KHTML, like Gecko) Chrome/151.0.0.0 Safari/537.36"
141.101.25.59 - - [02/Sep/2026:18:47:41 +0300] "GET /%D0%95%D0%BB%D0%B5%D0%BA%D1%82%D1%80%D0%BE%D0%BD%D0%BD%D1%96-%D0%BF%D1%96%D0%B4%D1%80%D1%83%D1%87%D0%BD%D0%B8%D0%BA%D0%B8/10-%D0%BA%D0%BB%D0%B0%D1%81/ HTTP/1.1" 500 0 "-" "Mozilla/5.0 (Linux; Android 10; K) AppleWebKit/537.36 (KHTML, like Gecko) Chrome/152.0.0.0 Mobile Safari/537.36"
141.101.25.59 - - [02/Sep/2026:18:47:42 +0300] "GET /%D0%95%D0%BB%D0%B5%D0%BA%D1%82%D1%80%D0%BE%D0%BD%D0%BD%D1%96-%D0%BF%D1%96%D0%B4%D1%80%D1%83%D1%87%D0%BD%D0%B8%D0%BA%D0%B8/10-%D0%BA%D0%BB%D0%B0%D1%81/ HTTP/1.1" 500 0 "-" "Mozilla/5.0 (Linux; Android 10; K) AppleWebKit/537.36 (KHTML, like Gecko) Chrome/152.0.0.0 Mobile Safari/537.36"
141.101.25.59 - - [02/Sep/2026:18:47:43 +0300] "GET /%D0%95%D0%BB%D0%B5%D0%BA%D1%82%D1%80%D0%BE%D0%BD%D0%BD%D1%96-%D0%BF%D1%96%D0%B4%D1%80%D1%83%D1%87%D0%BD%D0%B8%D0%BA%D0%B8/10-%D0%BA%D0%BB%D0%B0%D1%81/ HTTP/1.1" 500 0 "-" "Mozilla/5.0 (Linux; Android 10; K) AppleWebKit/537.36 (KHTML, like Gecko) Chrome/152.0.0.0 Mobile Safari/537.36"
141.101.25.59 - - [02/Sep/2026:18:47:47 +0300] "GET /%D0%95%D0%BB%D0%B5%D0%BA%D1%82%D1%80%D0%BE%D0%BD%D0%BD%D1%96-%D0%BF%D1%96%D0%B4%D1%80%D1%83%D1%87%D0%BD%D0%B8%D0%BA%D0%B8/10-%D0%BA%D0%BB%D0%B0%D1%81/ HTTP/1.1" 500 0 "-" "Mozilla/5.0 (Linux; Android 10; K) AppleWebKit/537.36 (KHTML, like Gecko) Chrome/152.0.0.0 Mobile Safari/537.36"
141.101.25.59 - - [02/Sep/2026:18:48:06 +0300] "GET /%D0%95%D0%BB%D0%B5%D0%BA%D1%82%D1%80%D0%BE%D0%BD%D0%BD%D1%96-%D0%BF%D1%96%D0%B4%D1%80%D1%83%D1%87%D0%BD%D0%B8%D0%BA%D0%B8/10-%D0%BA%D0%BB%D0%B0%D1%81/ HTTP/1.1" 500 0 "-" "Mozilla/5.0 (Windows NT 10.0; Win64; x64) AppleWebKit/537.36 (KHTML, like Gecko) Chrome/152.0.0.0 Safari/537.36"
51.159.125.187 - - [02/Sep/2026:18:48:19 +0300] "GET /%D0%95%D0%BB%D0%B5%D0%BA%D1%82%D1%80%D0%BE%D0%BD%D0%BD%D1%96-%D0%BF%D1%96%D0%B4%D1%80%D1%83%D1%87%D0%BD%D0%B8%D0%BA%D0%B8/10-%D0%BA%D0%BB%D0%B0%D1%81/ HTTP/1.1" 500 0 "-" "Mozilla/5.0 (Windows NT 10.0; Win64; x64) AppleWebKit/537.36 (KHTML, like Gecko) Chrome/152.0.0.0 Safari/537.36"
141.101.25.59 - - [02/Sep/2026:18:48:43 +0300] "GET /%D0%95%D0%BB%D0%B5%D0%BA%D1%82%D1%80%D0%BE%D0%BD%D0%BD%D1%96-%D0%BF%D1%96%D0%B4%D1%80%D1%83%D1%87%D0%BD%D0%B8%D0%BA%D0%B8/10-%D0%BA%D0%BB%D0%B0%D1%81/ HTTP/1.1" 500 0 "-" "Mozilla/5.0 (Linux; Android 10; K) AppleWebKit/537.36 (KHTML, like Gecko) Chrome/152.0.0.0 Mobile Safari/537.36"
3.216.13.10 - - [02/Sep/2026:18:51:46 +0300] "GET /wp-content/uploads/2024/10/d3-e1727790131554-300x169.jpg HTTP/1.1" 500 0 "-" "Mozilla/5.0 AppleWebKit/537.36 (KHTML, like Gecko; compatible; Amazonbot/0.1; +https://developer.amazon.com/support/amazonbot) Chrome/119.0.6045.214 Safari/537.36"
34.231.156.59 - - [02/Sep/2026:18:51:50 +0300] "GET /wp-json/oembed/1.0/embed?url=https://new.lyceum.com.ua/vit-2/ HTTP/1.1" 500 0 "-" "Mozilla/5.0 AppleWebKit/537.36 (KHTML, like Gecko; compatible; Amazonbot/0.1; +https://developer.amazon.com/support/amazonbot) Chrome/119.0.6045.214 Safari/537.36"
198.204.240.234 - - [02/Sep/2026:18:57:15 +0300] "GET /wp-includes/ade9d2d9/index.php HTTP/1.1" 499 0 "https://new.lyceum.com.ua/wp-includes/ade9d2d9/index.php" "Mozilla/5.0 (compatible; MSIE 10.0; Windows NT 6.2; Win64; x64; Trident/6.0)"
198.204.240.234 - - [02/Sep/2026:18:57:16 +0300] "GET /wp-includes/ade9d2d9/index.php HTTP/1.1" 200 16 "https://new.lyceum.com.ua/wp-includes/ade9d2d9/index.php" "Mozilla/5.0 (Macintosh; Intel Mac OS X 10_6_8) AppleWebKit/535.1 (KHTML, like Gecko) RockMelt/0.9.64.361 Chrome/13.0.782.218 Safari/535.1"
107.150.52.226 - - [02/Sep/2026:18:58:58 +0300] "GET /wp-includes/ade9d2d9/index.php?id=160137$wd HTTP/1.1" 499 0 "https://new.lyceum.com.ua/wp-includes/ade9d2d9/index.php?id=160137$wd" "Mozilla/5.0"
107.150.52.226 - - [02/Sep/2026:19:00:26 +0300] "GET /wp-includes/ade9d2d9/index.php?id=160137$wd HTTP/1.1" 499 0 "https://new.lyceum.com.ua/wp-includes/ade9d2d9/index.php?id=160137$wd" "Mozilla/5.0"
34.9.75.165 - - [02/Sep/2026:19:01:36 +0300] "GET /?p=1929 HTTP/1.1" 500 0 "-" "Mozilla/5.0 (Macintosh; Intel Mac OS X 10_15_7) AppleWebKit/537.36 (KHTML, like Gecko) Chrome/120.0.0.0 Safari/537.36"
